sands digit of 92240?
9
What is the tens digit of 2810933?
3
What is the hundreds digit of 2673989?
9
What is the tens digit of 10853614?
1
What is the tens digit of 259523?
2
What is the thousands digit of 261213?
1
What is the units digit of 136402?
2
What is the hundred thousands digit of 5073383?
0
What is the units digit of 4359956?
6
What is the hundreds digit of 5851137?
1
What is the hundreds digit of 16303275?
2
What is the hundreds digit of 349460?
4
What is the millions digit of 3385440?
3
What is the tens digit of 8139584?
8
What is the thousands digit of 218006?
8
What is the tens digit of 136327?
2
What is the ten thousands digit of 10833259?
3
What is the thousands digit of 11142995?
2
What is the tens digit of 14482547?
4
What is the ten thousands digit of 231017?
3
What is the millions digit of 3281992?
3
What is the tens digit of 1934373?
7
What is the ten thousands digit of 58559?
5
What is the tens digit of 36015?
1
What is the units digit of 1897772?
2
What is the units digit of 10250824?
4
What is the ten thousands digit of 311983?
1
What is the ten thousands digit of 519428?
1
What is the millions digit of 1211468?
1
What is the ten thousands digit of 234016?
3
What is the hundreds digit of 6573474?
4
What is the thousands digit of 293265?
3
What is the hundreds digit of 211900?
9
What is the tens digit of 282860?
6
What is the hundred thousands digit of 7783478?
7
What is the millions digit of 1131464?
1
What is the tens digit of 12141571?
7
What is the millions digit of 1933797?
1
What is the thousands digit of 327701?
7
What is the ten thousands digit of 6418964?
1
What is the hundred thousands digit of 3444900?
4
What is the thousands digit of 13436845?
6
What is the ten thousands digit of 2659247?
5
What is the hundred thousands digit of 248410?
2
What is the units digit of 337657?
7
What is the thousands digit of 932546?
2
What is the tens digit of 144504?
0
What is the thousands digit of 9676018?
6
What is the thousands digit of 1386615?
6
What is the tens digit of 516784?
8
What is the hundred thousands digit of 838165?
8
What is the ten thousands digit of 21414177?
1
What is the thousands digit of 6787492?
7
What is the tens digit of 4957?
5
What is the hundreds digit of 3611767?
7
What is the tens digit of 132016?
1
What is the millions digit of 30313944?
0
What is the tens digit of 11288293?
9
What is the units digit of 263988?
8
What is the thousands digit of 212391?
2
What is the thousands digit of 91943?
1
What is the tens digit of 904437?
3
What is the hundreds digit of 3929379?
3
What is the hundreds digit of 958466?
4
What is the hundreds digit of 843763?
7
What is the thousands digit of 2468036?
8
What is the hundreds digit of 3964245?
2
What is the hundred thousands digit of 25783033?
7
What is the hundred thousands digit of 32859715?
8
What is the thousands digit of 750998?
0
What is the ten thousands digit of 7799291?
9
What is the units digit of 5126452?
2
What is the ten thousands digit of 17741259?
4
What is the millions digit of 5265334?
5
What is the ten thousands digit of 625891?
2
What is the millions digit of 1148112?
1
What is the hundreds digit of 48005?
0
What is the hundreds digit of 6869437?
4
What is the tens digit of 11650825?
2
What is the ten thousands digit of 369332?
6
What is the tens digit of 334887?
8
What is the units digit of 228391?
1
What is the units digit of 1410801?
1
What is the units digit of 5285897?
7
What is the thousands digit of 222738?
2
What is the thousands digit of 2350180?
0
What is the ten thousands digit of 8897215?
9
What is the tens digit of 18320349?
4
What is the units digit of 106189?
9
What is the hundred thousands digit of 549500?
5
What is the hundreds digit of 456643?
6
What is the ten thousands digit of 1111947?
1
What is the tens digit of 12537102?
0
What is the hundred thousands digit of 5362143?
3
What is the ten thousands digit of 178093?
7
What is the ten thousands digit of 26198785?
9
What is the hundred thousands digit of 1412849?
4
What is the hundred thousands digit of 831749?
8
What is the units digit of 9295798?
8
What is the hundreds digit of 8704168?
1
What is the ten thousands digit of 202656?
0
What is the tens digit of 2360481?
8
What is the hundred thousands digit of 34263499?
2
What is the hundreds digit of 9454738?
7
What is the ten thousands digit of 411148?
1
What is the units digit of 1664739?
9
What is the thousands digit of 600048?
0
What is the millions digit of 2638121?
2
What is the hundreds digit of 342451?
4
What is the ten thousands digit of 1759428?
5
What is the hundreds digit of 8063651?
6
What is the thousands digit of 847719?
7
What is the hundreds digit of 620567?
5
What is the hundreds digit of 47198?
1
What is the millions digit of 14896554?
4
What is the hundred thousands digit of 7021945?
0
What is the millions digit of 14090204?
4
What is the units digit of 1815591?
1
What is the ten thousands digit of 4905696?
0
What is the tens digit of 1731072?
7
What is the thousands digit of 20588067?
8
What is the thousands digit of 324617?
4
What is the units digit of 446654?
4
What is the tens digit of 38237?
3
What is the units digit of 264827?
7
What is the hundreds digit of 1421992?
9
What is the hundred thousands digit of 489919?
4
What is the ten thousands digit of 1075055?
7
What is the ten thousands digit of 43711?
4
What is the tens digit of 776926?
2
What is the thousands digit of 59326?
9
What is the units digit of 152957?
7
What is the hundred thousands digit of 1748841?
7
What is the hundreds digit of 3407677?
6
What is the hundred thousands digit of 18560127?
5
What is the millions digit of 7717662?
7
What is the hundreds digit of 761129?
1
What is the hundreds digit of 14547600?
6
What is the millions digit of 12717674?
2
What is the hundreds digit of 15579999?
9
What is the hundred thousands digit of 922270?
9
What is the millions digit of 17753485?
7
What is the hundred thousands digit of 675876?
6
What is the hundreds digit of 2735077?
0
What is the hundreds digit of 450981?
9
What is the ten thousands digit of 22481?
2
What is the ten thousands digit of 116859?
1
What is the hundreds digit of 289124?
1
What is the units digit of 3244589?
9
What is the hundreds digit of 3729362?
3
What is the hundred thousands digit of 4998757?
9
What is the thousands digit of 310252?
0
What is the hundred thousands digit of 5905094?
9
What is the units digit of 44734?
4
What is the ten thousands digit of 10343341?
4
What is the thousands digit of 1282990?
2
What is the hundreds digit of 200108?
1
What is the units digit of 11064920?
0
What is the units digit of 181488?
8
What is the thousands digit of 2003734?
3
What is the units digit of 464363?
3
What is the tens digit of 3209530?
3
What is the units digit of 4230045?
5
What is the thousands digit of 605066?
5
What is the units digit of 10211304?
4
What is the tens digit of 523740?
4
What is the ten millions digit of 11939811?
1
What is the hundred thousands digit of 396075?
3
What is the hundred thousands digit of 900911?
9
What is the thousands digit of 624092?
4
What is the hundreds digit of 17831474?
4
What is the hundreds digit of 97884?
8
What is the units digit of 2961483?
3
What is the tens digit of 826154?
5
What is the ten thousands digit of 15861716?
6
What is the ten thousands digit of 1157412?
5
What is the hundreds digit of 3648389?
3
What is the tens digit of 106442?
4
What is the millions digit of 5348960?
5
What is the tens digit of 9944229?
2
What is the tens digit of 16506586?
8
What is the thousands digit of 22952?
2
What is the ten thousands digit of 19875400?
7
What is the thousands digit of 167076?
7
What is the units digit of 532631?
1
What is the units digit of 2216916?
6
What is the hundreds digit of 102230?
2
What is the hundreds digit of 3168273?
2
What is the ten thousands digit of 25234820?
3
What is the millions digit of 2908150?
2
What is the millions digit of 11052619?
1
What is the thousands digit of 3554318?
4
What is the units digit of 954770?
0
What is the units digit of 208493?
3
What is the hundreds digit of 1222164?
1
What is the tens digit of 213336?
3
What is the ten thousands digit of 1244129?
4
What is the hundred t